-66 - (-8 - 32)).
-42
What is the value of (-1 - 76) + -71 + 48 - (3 + -2 + -1)?
-100
What is the value of -2 + -33 - ((-2 - -1 - 7) + 37 - 16)?
-48
What is the value of -40 - (-23 - (-10 + 6 - 16))?
-37
Evaluate 39 - (-5 + (1 - 11) + 109 + -103 - 2).
50
What is the value of (-22 - -15 - -24) + -19 + (-4 - -1) + -5?
-10
What is -26 - (27 + -38 + 4 + -14)?
-5
Evaluate -53 - (75 - (302 + -89)).
85
Calculate -5597 - -5630 - (50 + 0).
-17
Calculate -12 - 31 - (13 - -5).
-61
(23 + -44 - (-4 - (-1 + 28))) + -83
-73
Calculate -220 + (71 - (31 - 71)).
-109
What is the value of 3 + (2 - 4) + 6 + -11 + 18 - -48?
62
Calculate (2 - -51) + 365 + -401.
17
(-46 - (-6 + 10)) + (0 - -5) - (276 - 286)
-35
What is the value of -29 - ((59 - 36) + 42 + 30)?
-124
Calculate -7 - (16 - 5) - (-90 - (-3 + -6)).
63
Calculate 68 - 161 - (-16 - (3 + -14 - -1)).
-87
Calculate -35 + 22 + -20 - -50.
17
What is the value of (35 - 31) + -15 + 35?
24
What is -24 + -7 - (33 + -11 - 27) - (0 + -10)?
-16
Calculate -61 + -30 + 45 + 2 + -14 + -11.
-69
Evaluate (57 - (36 - 52)) + (4 - (16 + -4)).
65
What is 2 - -24 - ((-51 - -5) + 60) - (5 - 106)?
113
What is the value of -43 + 75 - -15 - 76?
-29
-15 - ((-14 - (-5 + -10)) + 36 + 1 + -1)
-52
12 + (12 + 1 + 0 - 10) + -11
4
What is the value of 27 + -1 - ((35 - 26 - 19) + 16)?
20
What is the value of (153 - -52 - -8) + -114?
99
(-25 + 57 - -25) + -97
-40
105 + (-18 - (28 - -7 - 39))
91
Evaluate -10 + 26 + (11 - 24) + 7 - -12.
22
(-1 - 10) + -2 - (653 - 675) - (58 - -1)
-50
(-39 - -16) + 43 + -10 - (-1 - -28)
-17
Evaluate -742 + 705 - (-5 + 11 + -2 - (15 - -1)).
-25
Calculate 74 + (-85 - -3) - (4 - (-2 - -2 - 2)).
-14
1 + 2 + -10 + (217 - (207 - 12))
15
Calculate (3225 - 3048) + (6 - 122).
61
What is 25 + -2 + 4 + 16 + -11 + 6 + -5?
33
What is -12 + 11 + -4 - 8 - 32?
-45
(-11 - (-129 + 74 + -59 + (12 - -1))) + 12
102
Calculate 292 - 111 - -119 - 168.
132
1209 + -1237 - (-19 - 0)
-9
(-129 - -56) + 77 + -22
-18
Evaluate -141 - (-100 + 134 + -89).
-86
Calculate -2 + -50 + (46 - 40) + 1 + (-5 - -1).
-49
1998 - 1967 - (60 - 1)
-28
What is -23 + -56 - 141 - -128?
-92
-2 - -37 - (15 - (-5 + 18 + -13) - 19)
39
What is the value of 31 + (4 - (3 - -20) - (-10 + 13 + -12))?
21
What is (22 - 1) + (-49 - -10)?
-18
Evaluate (4 - -1) + (24 - 9 - (131 - (-26 + 58))).
-79
-121 - (52 + -156) - (-29 - 2)
14
-9 - (10 + -56 + (21 - 1)) - -88
105
Evaluate 0 + 14 - (-34 - (10 + -4) - -31).
23
Evaluate -125 + 29 + (-94 - -249).
59
1241 - 1310 - (-73 + -2)
6
Calculate 145 + (67 - 128 - 20).
64
Evaluate 0 - 114 - (12062 - 12064).
-112
Evaluate -26 + (-35 - -8) + 1 + -31.
-83
What is -27 - (-94 + 80) - 14?
-27
Evaluate -11 + (29 - (0 + 21) - 15).
-18
Calculate (176 - 226) + (-53 - -12).
-91
Calculate 30 + -58 + -4 + -2.
-34
(290 + -276 - (3 - -2)) + (46 - 1)
54
What is the value of 11 + (-10 - 3) + -1 - (9 - 13)?
1
Evaluate -149 + (2 - -314) + -78.
89
Calculate -4 + -12 - (-68 - -19).
33
-28 + (-7 - (0 - 13)) - 6
-28
32 + 59 - -5 - 208
-112
What is the value of -64 + (30 - (22 - 55))?
-1
Evaluate 6 + 2 - (139 - (-40 - (16 + -64))).
-123
Calculate -10 - (0 + -3) - 29 - (-138 + 138).
-36
What is the value of 9 + (-8 - ((0 - -11) + -6)) + (-127 - -49)?
-82
Calculate -25 + 2 - (-78 + 57 - -15).
-17
Calculate -8 + -107 + (15 - (8 + (-7 - 4) + 3)).
-100
0 + -26 - (3819 - 3939)
94
What is the value of -54 + 30 + 24 + 11 - (0 + -39)?
50
What is the value of -46 - (-11 - (7 + (-14 + (16 - 10) - 5)))?
-41
What is the value of -232 + 20 + 62 + 38?
-112
-75 - -94 - (-23 - (-117 + 23))
-52
What is the value of -168 - (-206 - (76 + -160))?
-46
What is 10 - (182 - 47 - 65)?
-60
What is (-2 - (-2 - 0)) + (-19 + 1 - (68 - 90))?
4
What is the value of -2 + 35 - (2 + 4 + -6 + 11 - 24)?
46
-2 - -23 - 1 - (348 + -347)
19
Evaluate 18 + (0 - 4) + ((14 - 9) + 10 - -4).
33
What is (-46 - (32 + -32)) + 53?
7
Evaluate (0 - 1) + 0 + (26 - (-9 + 77)) - -5.
-38
Evaluate 28 + (-11 - 23 - -5 - -4).
3
9 + -10 + (-2 - (-6 - (1 + -5))) - -1
0
111 + (-190 - (-21 + 87))
-145
Evaluate -54 + 29 + 36 + (-5 - 1) - -88.
93
Evaluate 8 + 5 + -6 + -26 + (216 - 218).
-21
Evaluate 193 - 299 - ((12 - 9) + -24).
-85
Evaluate -28 + 42 + 8 - 35.
-13
What is -161 + (127 - -9) + -73?
-98
72 - (-40 - -122) - -118
108
Calculate (-16 - (3 - (10 + 2))) + -20 + 106.
79
What is 14 + -2 + -10 - (-12 + 23)?
-9
Evaluate -34 - (24 - 42 - -3).
-19
What is -56 + (-9 - (-8 + (4 - 17)))?
-44
Evaluate 16 - -61 - (-1 + 57 + -62).
83
What is the value of (-10 + (-27 - -15) - -132) + -5 + (2 - -3)?
110
Evaluate 79 + (-41 - -34 - -18).
90
What is 72 + -107 - -36 - (-35 - 2)?
38
What is the value of 49 + (-43 - 5) + 0?
1
What is the value of -79 - -64 - (4 + (4 - 24))?
1
What is the value of -71 - (-146 + -56 + 66)?
65
Evaluate 294 + (51 - 193) + -129.
23
What is (-90 - (49 - 32)) + 71?
-36
Evaluate -47 - (-25 + 182 + -93).
-111
Calculate 4432 + -4412 - (2 - -6 - 0).
12
What is 21 + (7 - (-13 - -24) - 2) + 11?
26
Evaluate 29 - 7 - (106 + -63) - -12.
-9
What is the value of -2 - ((4 + -35 - (-26 + 13)) + 32)?
-16
1 - (4 + -29 + (25 - 56) + 44)
13
What is the value of 14 + 1 + 5024 + -4923?
116
Calculate -1 - ((1 - 7) + 17 + -1) - 20 - 4.
-35
Evaluate 100 + (249 - 125) - 89.
135
What is the value of (-35 - -7 - 5) + (19 - 24)?
-38
-18 + (24 + -25 - (-7 + (11 - 3) + -3))
-17
-65 - (-141 + -10) - 95
-9
Evaluate -58 + (4 - -57) + 52.
55
Calculate 164 + 46 + -23 + -83.
104
Calculate 42 + -4 + (-207 + 107 - -98).
36
Evaluate 22 - 3 - (23 + -22 + 42).
-24
1 + -10 + -1 - (1824 - 1848)
14
10 + 63 - 19 - 43
11
Calculate 16 + -52 - -84 - 46 - 140.
-138
Calculate -28 - (32 - -1 - (725 - 739)).
-75
74 - (79 - 149) - 150
-6
(-11 - 1) + (-182 + 191 - (2 - (6 - 16)))
-15
Evaluate 32 - (-8 + 27 + -34 + 10).
37
(10 + 8 + -21 - (-8 + -7)) + 20
32
What is the value of -14 - (-22 - 29) - (10 + -16)?
43
Evaluate (-28 - -26) + (0 - -14 - 0) + 510 + -433.
89
What is 13 + (-12 - (-16 + 14)) + -34?
-31
Evaluate 19 - (2 - 0) - (651 + -670).
36
Evaluate -67 + 84 + 96 + -186.
-73
What is (17 - 13 - (-7 + -9)) + -1 + 15?
34
(2 - 1) + 0 + 59 - ((412 - 305) + -117)
70
Calculate -33 - (-117 + 106) - 17.
-39
Evaluate 1 + (-1 - 2) + (370 - 367).
1
What is the value of -146 - (-87 - 43) - (4 + 1 + 1)?
-22
What is (7 - 28) + 32 + 8 - (-13 - -2)?
30
What is -126 - -136 - (30 + -12)?
-8
What is the value of (-45 - ((3 - (17 + -5)) + 10)) + (0 - 2)?
-48
Evaluate (-67 - (-32 + 10)) + 37.
-8
What is the value of 69 + -49 + -52 - (-2 + -23)?
-7
What is the value of -151 + 94 - (-54 + -2)?
-1
What is 1 - ((-8 - (1 - -3 - 12)) + 18 + -17)?
0
Evaluate 63 + -60 + -36 + 48.
15
-339 + (-38 - -346) + 0 + -33
-64
Evaluate 6 + (-23 - (-44 - -23 - 5)).
9
Calculate (-8 - 27) + -20 + 49.
-6
What is the value of 17 - (4 + 0) - (-7 - -11 - -38)?
-29
38 + 3 + (224 - 278)
-13
Calculate (-5 - (12 + -12)) + -3 - 17 - 49.
-74
What is 48 + (52 - 94) + (-2 - -1) - (-8 + 1)?
12
What is the value of (151 - -126 - 329) + (0 - -1 - 0)?
-51
Evaluate 37 + (33 - 59) + (5 - 1 - 4 - -84).
95
Evaluate (33 - (-10 + -52)) + -182.
-87
Calculate -3 - (4 + -3 + -76) - (-146 - -128).
90
Evaluate (2 - 5) + 52 + (43 + -57 - 37).
-2
What is the value of -12 + 47 + (67 - 54)?
48
What is the value of -120 - -43 - -90 - (-4 + 51 - 1)?
-33
Evaluate -6 - (-4 + -40 - (-21 + (72 - 34))).
55
Calculate (8 - ((23 + -73 - -45) + (7 - 0))) + 10.
16
10 + 29 + 10 + -17 - 25
7
What is 22 + -23 + (-19 - -13) + 8 - 49?
-48
-1 - -41 - (56 + 160 - 184)
8
(66 - 13 - 11 - 14) + -13 + 1
16
-5202 + 5178 + (0 - -79)
55
-1 + 7 - (-64 - (-1 + -24))
45
What is 7 - (44 + -18) - -47?
28
52 - (-10 + -53) - (-9 + -2 + -7)
133
Evaluate -16 + 6 - (-207 - -208).
-11
Evaluate (-41 + 23 - 39) + 60.
3
What is (5 - ((-2 - -1) + -24 + 28 - 115)) + -5?
112
-16 + -3 + 4 + (-36 + -4 - -55)
0
Calculate -28 + 68 + -39 + -18.
-17
What is (30 - (18 - (-1 - -2))) + 9?
22
97 + 14 - (3 + 24 + -22 + -6)
112
14 + 47 + 17 - (-97 + 126)
49
Calculate -142 - -193 - (-28 - 12).
91
19 - (72 - (-42 + 72))
-23
What is 9 + -14 + (3 - -6) + 9 + -11?
2
Evaluate 5 + 16 + 12 + -41 - (-4 + 2 - -45).
-51
What is the value of -23 + 3 + -63 + -10 + 23?
-70
Calculate 97 - (37 - (14 + -2 - (-14 - -13))).
73
(8390 - 8350) + (7 - -1)
48
Evaluate -1 + -15 + 4 + (-15 - -25).
-2
What is